3, 11
Let o = 270 - 51. Suppose 0 = 2*q + b - 111, 4*q + 0*b + 3*b = o. List the prime factors of q.
3, 19
Suppose 3 = -k - 1, 5*o - 4*k - 36 = 0. Suppose -20 = -4*t + o*a, -4*t = a + 4*a - 11. List the prime factors of t.
2
Let c be (-8)/(-3) - 6/9. List the prime factors of -5*c/(-20)*14.
7
Let m(x) = -x - 1. Let g(c) = 10*c + 12. Let b(s) = -g(s) - 5*m(s). List the prime factors of b(-5).
2, 3
Suppose -3*u + 7*u = 16. Suppose 4*t - 6 = -c, -2*c - 4*t + 0 = u. List the prime factors of 2/(c/(-8) - 1).
2
Let s(d) be the third derivative of d**5/60 + d**4/6 + 7*d**3/6 - 6*d**2. List the prime factors of s(-6).
19
Let k = -13 + 18. Suppose -m - 2*m = -3*y, -9 = k*y + 4*m. List the prime factors of (-2)/(-1) - y - -2.
5
Suppose 3*d - 296 - 207 = -4*c, 0 = -3*d + 4*c + 487. Suppose -s + d = 4*s. What are the prime factors of s?
3, 11
Suppose o + 4*o - 43 = -k, -26 = -4*o - 5*k. Suppose -47 = -4*s + o. What are the prime factors of s?
2, 7
Let a be (-89)/(-4) + 2/(-8). Suppose -3*b + b = -2*d - a, -2*d = 5*b - 76. Suppose -j - 3*o = -0*j - b, -3*j + 4*o + 3 = 0. List the prime factors of j.
5
Let f(v) = -4*v + 8. Let q be f(6). Let r = q + 28. What are the prime factors of r?
2, 3
Let j(m) = 17*m**2 - 2*m + 5. What are the prime factors of j(-4)?
3, 5, 19
Let q(g) = 7*g**3 - 3*g**2 + g - 1. List the prime factors of q(2).
3, 5
Let t(b) = -2*b + 2. Let s be t(4). Let h = -4 - s. List the prime factors of h.
2
Suppose 2*y = o - 75, -357 = -6*o + o + y. What are the prime factors of o?
71
Let u = 31 - -72. What are the prime factors of u?
103
Let j = 45 - 25. List the prime factors of j.
2, 5
Let u(z) = z**3 + 27*z**2 - 9*z - 13. List the prime factors of u(-27).
2, 5, 23
Suppose -m - 580 = -3*i, i = -3*i - 2*m + 770. What are the prime factors of i?
193
Let s(r) = 6*r + 30. List the prime factors of s(8).
2, 3, 13
Suppose -4 = -2*l - 2. Let d = 7 + l. What are the prime factors of d?
2
Let x be (-28)/(-5) - (-9)/(-15). Suppose -x*o = -4*o - 15. List the prime factors of ((-18)/o)/((-3)/10).
2
Let d(w) = w - 4. Let r be d(4). Suppose 10 + r = 2*m. Suppose 14 - 4 = m*k. List the prime factors of k.
2
Suppose 5*h - 4 = 751. List the prime factors of h.
151
Let s(w) = w + 14. What are the prime factors of s(7)?
3, 7
Suppose -180 = -5*l - 0*l. Suppose 0 = -2*v - 0*r - 2*r - 46, -2*v - 55 = 5*r. Let w = l + v. List the prime factors of w.
2
Suppose -3*q + 9 = 0, s + 3*q = -0*q + 33. What are the prime factors of s?
2, 3
Suppose 0 = -3*p - 1 + 10. Suppose -i + 1 = 4*t - 16, 3 = p*t + 4*i. List the prime factors of t.
5
Let z(t) = 13*t**2 - 4*t**2 + 1 + 4*t - 4. Let x be z(2). Suppose 0 = 4*c - o - 64, 3*c - 24 - x = 5*o. What are the prime factors of c?
3, 5
Suppose -4*z + 28 = 4*g, 4*z + 4*g - g = 23. Let o be (-18)/2 - 6/z. Let v = o + 27. What are the prime factors of v?
3, 5
Let v = 8 + -34. What are the prime factors of (v/6 + 2)*-3?
7
List the prime factors of -51*2*(-4)/6.
2, 17
Let j(a) = -a**2 + 2*a - 1. Suppose -2*l = 2*l - 4. Let q be j(l). Let g = 2 + q. What are the prime factors of g?
2
Suppose 0 = -z + 3 + 3. Suppose -2*s + z*s = 44. What are the prime factors of s?
11
Let z be (-276)/(-16) - (-2)/(-8). Suppose 2*j = z + 67. What are the prime factors of j?
2, 3, 7
Let b = 14 + -8. What are the prime factors of b?
2, 3
Suppose 4*j + 9 = k + 33, -2*k = 8. Suppose -38 = -4*p + j*a, p + a - 5 = -0. What are the prime factors of p?
7
Suppose -2*y - 105 = -5*y. What are the prime factors of y?
5, 7
Let n be 2/((-4)/((-64)/(-4))). List the prime factors of -1*-24*n/(-12).
2
Let z(h) = h**2 - 6*h + 7. Let d be z(6). Suppose 4*f - 9*f = -q + 15, 0 = -3*q. Let a = f + d. What are the prime factors of a?
2
Let z(w) be the second derivative of w**5/20 + w**4/3 + w**3/6 - 2*w**2 + 2*w. Let t be z(-3). Suppose 0 = s - t. What are the prime factors of s?
2
Let g(y) = -3*y**3 - y**2 - 2*y + 6. What are the prime factors of g(-3)?
2, 3, 7
Suppose 4*d = -5*l - 19, 0 = 6*d - 2*d + 4. What are the prime factors of (-16)/(l - -2) - 1?
3, 5
Suppose 2 = 3*n - 0*n + 2*v, -3 = 2*n - 3*v. Suppose 5*f = -2*p + 2, 4*p - 4*f + 0 = 4. What are the prime factors of 8*(n - p)*-1?
2
Let j = -8 - 3. Let v(i) = i + 27. What are the prime factors of v(j)?
2
Suppose 2*w - 137 = -0*p - p, 0 = -3*w - 3*p + 207. Let d = -39 + w. List the prime factors of d.
29
Suppose -2*b + 0*b + 2 = 0. Let o = b - -1. Suppose c + 4*w - 10 = 0, -3*w - o*w + 11 = c. List the prime factors of c.
2, 3
What are the prime factors of -1*(-5 + 3 - 29)*1?
31
Let l(w) = 5*w**3 - w**2 + w. Let b be l(1). Let x(h) = 2 + 1 - 3 - b*h. List the prime factors of x(-1).
5
List the prime factors of (-3)/2*80/(-6).
2, 5
Let t(k) = -k**2 + k + 1. Let m be t(-1). What are the prime factors of 2 - (0 + m)*4?
2, 3
Let z = 14 + -1. Suppose -3*g + 2 = -z. List the prime factors of g.
5
Suppose 2*i + 21 = 67. What are the prime factors of i?
23
Let z(r) = r**3 + 4*r**2 - 5. Let w be z(-4). Let a(b) = b + 12. Let t(c) = -2*c - 25. Let x(k) = 5*a(k) + 2*t(k). What are the prime factors of x(w)?
5
Let d = 9 - 7. Suppose -8 = -u + d*z + 4, -3*z = 2*u - 45. List the prime factors of u.
2, 3
Let x = 118 - 80. List the prime factors of x.
2, 19
Let s(j) = j**2 + 7*j + 2. Let y(k) = -k**3 + 3*k**2 - 2*k - 2. Let r be y(3). List the prime factors of s(r).
2, 5
Suppose 0 = -r - 0 + 74. What are the prime factors of r?
2, 37
Suppose 4*s - 83 = -0*s + 3*d, s + 5*d + 8 = 0. Suppose -100 = -3*r - 2*i + s, i = 3*r - 108. List the prime factors of r.
37
Let p(b) = b**3 + 7*b**2 - 12*b - 6. Suppose 0 = g + 5, -v + 6*g + 17 = g. List the prime factors of p(v).
2, 13
Let u = -10 + 10. Let o(i) = -i - 4*i + 4*i - i**2 + 4. List the prime factors of o(u).
2
Let s = 8 - 6. Suppose 3 = -m + s*m. Suppose m*n - 2*n = 5. List the prime factors of n.
5
Let w(h) = -2*h + 4. Let j be w(6). Let l = 5 + -3. Let t = l - j. What are the prime factors of t?
2, 5
Suppose 2*g = 2 + 6. Suppose 21 = -5*r - g. What are the prime factors of (-8)/(-20) - 78/r?
2
Suppose o + 61 = 162. What are the prime factors of o?
101
Suppose -l + 78 = -112. List the prime factors of l.
2, 5, 19
Let m(v) be the second derivative of -7*v**3/2 - 9*v**2 - 3*v. Let j(s) = -6*s - 5. Let x(h) = 18*j(h) - 5*m(h). List the prime factors of x(-4).
2, 3
Let a = 36 - 15. List the prime factors of a.
3, 7
Let x(h) = 4*h + 2*h + 11 - 5*h. What are the prime factors of x(0)?
11
Suppose 4*p = 5 - 53. Let s = 19 + p. List the prime factors of s.
7
Suppose 0 = -0*v - v. Suppose 4*q - p - 17 = v, -q - 9 = -2*q + 5*p. Suppose 36 = q*r - 4*t, 0 = -5*r - 4*t + 15 + 12. What are the prime factors of r?
7
Let z(o) = 3*o**2 + 4*o - 9. List the prime factors of z(-9).
2, 3, 11
Let y = -68 - -65. Suppose 0 = 5*u + 4 - 79. Let o = u - y. List the prime factors of o.
2, 3
Suppose 0 = i + 3*i - 344. What are the prime factors of i?
2, 43
Suppose z + 4*q - 327 = 0, -20*z + 4*q - 997 = -23*z. What are the prime factors of z?
5, 67
Let h(u) = -u**3 - 4*u**2 - 4*u + 1. Let z(n) = -n**2 - n + 1. Let t be z(0). Let g = -2 - t. What are the prime factors of h(g)?
2
Let m(d) = 4*d + 2. What are the prime factors of m(5)?
2, 11
Let q(w) = w**3 + 2*w**2 - 2*w + 3. Let d be q(-3). Suppose -4*j + 8 = -d. What are the prime factors of j?
2
Suppose 3*o = -y + 5, 4*y + 5*o - 13 = -0*y. Suppose 2*a + 3*a = -3*q + 17, -3*a = 3*q - 9. Suppose 0 = a*m, 3*m + 14 = r + y. What are the prime factors of r?
2, 3
Suppose 13*z - 16*z + 639 = 0. What are the prime factors of z?
3, 71
Suppose 0 = -2*s + 3*l + 23, -5*s + 20 = -4*l - 20. Suppose 4*w - v + 5*v - 128 = 0, -s*w - 5*v = -127. List the prime factors of w.
3, 11
Suppose 0*n - 24 = -4*n. Let m be -3 + n/(2/2). List the prime factors of (4 + m)*24/14.
2, 3
Let c(y) = y**3 - 7*y**2 + 5*y + 2. Let z be c(6). What are the prime factors of (1 - z)/(1 + 0)?
5
What are the prime factors of 102 - (-2 + (3 + 2 - 2))?
101
Suppose 86 + 9 = 5*c. Let x = c - 0. What are the prime factors of x?
19
Let f(v) = 38*v - 41. List the prime factors of f(4).
3, 37
Let t be 12/8*4/3. Let a be (16/6)/(1/3). Suppose -t*v + v = -a. What are the prime factors of v?
2
Let w(o) = 2*o**2 - 3*o - 2. What are the prime factors of w(3)?
7
Suppose -4*u = -8, 0*u + 3*u = 3*x - 9. Suppose 0 = -2*r + z +